23 + -28 + -9).
-5
Evaluate (-38 - -10) + 13 - (-3 + 2 + 1).
-15
Calculate (-9 - -12) + (10 - 6).
7
What is (-6 - (-2 + -2)) + 7 + -26 + 14?
-7
What is the value of 5 + (5 - (-1 - 2)) + -11?
2
Evaluate 1 - (21 - (19 - 8)).
-9
What is 6 - (13 + 0 + (8 - 21))?
6
What is -152 - -133 - (8 - -6)?
-33
Evaluate (3 - (-4 + 9) - 10) + 5.
-7
Calculate -5 + (1 - 3) - (193 - 199).
-1
6 + 22 + -6 - 9 - 10
3
What is -1 + -3 + (-52 - -57)?
1
-1 - (19 - (11 - -4))
-5
-1 - (-2 + 0) - -12 - 2
11
Evaluate (-6 - -15) + (0 + 7 - (-21 + 29)).
8
Evaluate (-6 + 7 - (2 - (-6 + 2))) + 27.
22
Calculate -11 - (-12 + -60 + 35).
26
13 + (2 + -13 - (33 + -32))
1
Calculate (19 - 13) + (-30 - (-3 - (-3 + 3))).
-21
Calculate 2 + -4 + -10 + -1.
-13
Evaluate -10 - (-4 + -15) - 2 - (-3 - 1).
11
What is the value of 21 + -1 - (620 - 616)?
16
What is the value of -3 + 14 + 7 + -12 + (1 - 11)?
-4
Evaluate 0 - 5 - (424 + -442).
13
Evaluate -1 - ((12 - 4) + (-15 - -5) - 7).
8
Calculate 0 - 1 - (165 - 171).
5
Calculate 6 + 1 + -8 + -5 - -2.
-4
What is 17 - 1 - (14 - 1 - 14)?
17
Evaluate (-6 - -27 - 27) + (1 - -2).
-3
2 + (3 - 13) + 22
14
Calculate -1 + -5 + -2 - (-27 + (-4 - -27)).
-4
Calculate (8 - 11 - -2) + (0 - (9 - 3)).
-7
Evaluate (-6 - -2) + -5 + 15 - (-35 + 48).
-7
Calculate (19 - (4 - -27)) + 3 + -1.
-10
What is 1 + -8 + (-10 - -3 - (-14 - 12))?
12
What is -7 + 2 - (-29 - ((8 - 12) + -1))?
19
Evaluate -28 + 2 + 7 + -11 + 5.
-25
Calculate -5 + 32 + -5 + 2.
24
What is the value of (39 - 38) + (2 - -8)?
11
4 + 1 + (-4 + 4 - (1 - -1))
3
Calculate 0 - 15 - (486 + -498).
-3
What is -3 - (1 - (-1 + -4) - (-2 - -14))?
3
Evaluate (5 - (30 + -10)) + (-2 - 8) + 3.
-22
Evaluate -25 - (-4 + -9 + 1 + 2).
-15
9 + 1 + -6 + (27 - 29)
2
0 - (9 + -2) - (-6 + -2)
1
What is 7 + (6 - (5 - -4 - 5))?
9
Calculate 2 - (0 - -4) - (-5 + -11).
14
Calculate -26 + 18 + 40 - 6.
26
Calculate 5 - (-4 + 2 + 2 - (109 + -126)).
-12
Calculate 27 + (-7 - -3 - 26).
-3
What is (8 - -2) + 5 + (-19 - -12)?
8
Evaluate -1 - 1 - (36 + -14 - 20).
-4
What is the value of (38 - 77 - -27) + -17?
-29
What is (11 + 2 - -14) + -18 - 25?
-16
25 + (-5 - 0) - (12 - 2) - -16
26
Evaluate -1 + -16 + (9 - 28) + 35 + -17.
-18
What is the value of -2 + 1 - 9 - (-17 + 78 - 61)?
-10
Evaluate -9 - -2 - (89 - 41 - 31).
-24
What is (-729 - -727) + (-34 - -2)?
-34
1 + (-1 - (5 - 11)) - -1
7
What is -4 - (4 + -4) - (1 - -7) - -3?
-9
What is 8 + -5 + 0 + -6 + -5?
-8
What is 2 - -6 - (-80 + 86)?
2
What is -154 + 164 + 0 + 2 + -17?
-5
Evaluate 33 + -10 + -6 + 17.
34
-39 - 26 - -95 - (-1 + 10)
21
What is the value of -12 - (-16 - -20 - (6 - 0 - 1))?
-11
-8 + 24 + -5 + -1 + 3
13
What is the value of 38 + -39 + (-6 - -1) + 13 + 2?
9
Calculate (-15 - (-19 + 11)) + 3 - -9.
5
Calculate -9 - (-12 - (-8 + 9)).
4
Evaluate -14 + (-34 - (-49 + 27)).
-26
What is the value of 39 + -44 + 13 - 33?
-25
Evaluate 2 + -4 - 2 - (-20 + 24 - 9).
1
Calculate -3 + 10 - -2 - -1 - 24.
-14
Calculate (18 + -8 - 4 - 13) + 3.
-4
Calculate (-7 - -1 - ((-14 - -26) + -13)) + 37.
32
Evaluate 14 + 9 + -10 + -10 + 16.
19
What is (22 - ((-1 - 13 - 0) + 6)) + -8?
22
(-20 + -3 - -28) + 0 + -8
-3
What is the value of (-2 - 0) + -2 - (-14 + 11 + 5)?
-6
What is the value of 4 - (-14 + (2 - -8) + -3 + -2)?
13
What is the value of (2 - 16 - -16) + 1 + 10?
13
What is the value of -10 + 14 + -3 - -10?
11
What is the value of 12 - (-3 - (0 - (-3 + 4)) - -4)?
10
Calculate 9 - ((2 - 2 - -13) + 12).
-16
What is 7 + -14 + (-8 - (0 + (-1 - 1)))?
-13
Calculate 21 - ((41 - 0) + -20).
0
What is the value of 12 + (69 - 63) + (0 - 24)?
-6
Evaluate -32 + (5 - 3) + 7 + -5 + 5.
-23
What is the value of (9 - 3) + 0 + -9 + -23 + 26?
0
Evaluate 1 + (-2 - -13) + (153 - 166).
-1
Calculate (-6 - (-5 - -8)) + -3.
-12
What is the value of -3 + (-4 - 3) - (129 + -157)?
18
What is the value of -81 + 49 + (25 - -3)?
-4
111 + -107 + (1 - (4 - (3 + -1)))
3
Calculate 4 - (12 - (-7 - -8)).
-7
What is the value of (1 - 7) + -1 - (4 + 2 + -15)?
2
Evaluate -7 + (4 - (-1 + 0)) + -7 + 7.
-2
-5 + (6 + -2 + 6 + -7 - -3)
1
Calculate (6 - -1) + (7 - (-12 - -20)).
6
7 + -10 - (-19 - -5) - 8
3
What is 68 - 70 - (0 + -1 + (8 - 1))?
-8
What is 3 + -2 + 2 - (-777 - -779)?
1
What is 16 + (-19 - (16 + -18))?
-1
What is the value of (0 + 7 - (18 + -11)) + (-52 - -24)?
-28
What is the value of -3 - (-13 + 4 + 0 + -2)?
8
(-6 - 21) + 28 + -30
-29
Calculate 2 + -1 + (-26 - -16).
-9
Calculate 7 - (-47 - -21 - (5 + -10)).
28
12 + (10 - 10) - 19
-7
-28 - ((20 - 39) + 9)
-18
3 + 3 - (-39 + 75 + -23)
-7
What is the value of 10 - (-8 + (28 - 4))?
-6
What is 13 - (-10 - -11) - (-12 - -10)?
14
What is the value of (-32 - (6 - 36)) + 10?
8
What is -3 + 1 - (-3 + -11 + -1)?
13
-16 - -1 - (-38 + (0 - -29))
-6
-10 - -9 - (-11 - 8) - 8
10
What is -19 + 7 + (1 - -4) + -5?
-12
Evaluate 12 + (-5 - (-11 - (1 - 8)) - -4).
15
Calculate -3 + (13 - (-1 + -5 - (34 - 45))).
5
Calculate (4 - -13) + -7 - (-3 + 1).
12
What is the value of 4 + -5 + -17 + 7?
-11
Evaluate 0 + 20 + -3 + 35 + -51.
1
(1 - 0) + (-6 + -62 - -50)
-17
Calculate -2 + 1 + -4 - (2 + -2 + -12).
7
What is the value of (1 - -39) + -7 + (11 - 25) + 10?
29
152 + -162 + -2 + 2
-10
Evaluate (-6 - -1) + (-7 - -5) + (31 - 25).
-1
0 + (43 - (6 + 17))
20
What is -10 - (-2 + (4 - -2))?
-14
What is the value of (1 - 4) + (-3 - -3) + (5 - -1)?
3
Calculate -13 + 22 - -15 - 17.
7
Evaluate 19 + -13 + -1 + -9.
-4
What is (-14 + 3 - (-2 + 0)) + 36 + -43?
-16
What is the value of 10 - 1 - (-2 + -3 + 1 - -9)?
4
What is -79 + 105 + (2 - (3 + 3 + -12))?
34
What is the value of 3 + (-4 - -9) + (-4 - -7) + -1?
10
What is 25 - (9 - (-5 + 6 - 7))?
10
Calculate -2 + -3 - ((4 - 7) + -20).
18
Evaluate (14 - -3) + 75 + -84.
8
(1 - (9 - 11)) + 7 + -30
-20
What is (2 - -5) + (3 + 3 - (3 - 2))?
12
Calculate 17 - 17 - (6 + 3 + -6).
-3
What is -50 - -40 - (2 + -8 - (7 - 10))?
-7
What is the value of (14 + -10 - (-9 - 3)) + -19?
-3
What is -16 + 0 - (-39 + -9 - -36)?
-4
What is 5 + 1 + 3 + -6 + 1 + 1?
5
10 + (8 - 10) + -16 + (-5 - -2)
-11
Calculate (5 - (-2 - -3) - 38) + 14.
-20
Calculate 56 - (23 - -12) - 46.
-25
What is the value of (0 - 0) + -19 + 19?
0
What is the value of -12 - (-43 + -9 + 26)?
14
What is 18 - ((-15 - 0 - -3) + 8)?
22
Calculate (3 - 2 - (-17 - -18)) + (6 - 23).
-17
What is (-2 - -2 - -6) + (-13 - -5)?
-2
What is the value of -3 + 8 - (23 + (-21 - -7))?
-4
Evaluate (2 - 13) + 34 + -33 - -36.
26
56 - -6 - 25 - 67
-30
Evaluate 10 - (15 - (-7 + 14)).
2
Evaluate 29 + 29 + -58 - (3 - -1).
-4
What is 4 + -5 - -7 - (-26 - -20) - -2?
14
What is 3 + -5 + 1 - (9 - (3 - -3))?
-4
What is (-110 - -101) + -2 + 24?
13
(24 - 9) + (-10 - (-3 + 1))
7
8 - (15 + -22 + 14 + -9 + 0)
10
(1 + 12 - (-12 - -22)) + -11
-8
What is the value of 12 - 27 - ((9 - 0) + -2)?
-22
What is -4 + (7 - -2) + -9?
-4
What is (5 - 0) + (-19 - (-12 + 6)) + -3?
-11
Calculate -11 + 0 + (3 - 0) + 15 + -21.
-14
Evaluate -11 + 2 + 3 - ((-21 - -10) + 9).
-4
Evaluate (-15 - -8) + 21 + -4 + -36.
-26
Calculate 2 - (12 - 0) - (-6 - (17 - 25)).
-12
Calculate -78 - -56 - ((7 - 4) + -3 + 5).
-27
What is the value of 5 + (-19 - -4) - (-24 + 1)?
13
Calculate 5 + -21 - -12 - -7 - 25.
-22
Evaluate -1 + (35 - 7) + -6.
21
Calculate -18 - (-16 + 4 + 4).
-10
Calculate (-3 - 0) + 67 + (-2 - 51).
11
-2 + 4 + (76 - 93)
-15
Evaluate 2 + 2 + -6 - -31 - (17 - 11).
23
Evaluate -23 + 27 + (0 - (3 + (5 - 5))).
1
What is the value of -825 + 826 + 20 + 1?
22
What is 1 + -1 - (120 - 132)?
12
-13 + 1 - (8 - 13) - (-16 - -12)
-3
What is 31 - (-6 + 17 + 6)?
14
Evaluate (7 - (31 + -14 + -11)) + 1 + 0.
2
Evaluate (-29 - -23) + 17 + -29.
-18
3 - 17 - (144 + -143)
-15
Calculate 0 + -1 + -25 - -11.
-15
What is (3 - 19) + 26 + -30 + 17?
-3
Evaluate (15 + -3 + -25 - -12) + 17.
16
What is the value of 25 - (-3 + 59 - 9)?
-22
What is -6 - (-7 - ((-8 - -6) + 2))?
1
What is 13 + (0 + -1 + 5 - 2 - 1)?
14
-12 - (-9 - 8) - (-2 - (1 + -27))
-19
What is -23 + 23 + (8 - 4) + 1?
5
Calculate -42 - (14 - 30) - ((2 - 10) + 0).
-18
What is 0 + 1 - (-3 + 19 - 4)?
-11
178 + -177 - (-19 - (-1 - 1)) - -6
24
What is (3 + -8 - -5) + (1 - 0) + 1?
2
(15 - 21 - 19) + 13
-12
What is the value of 21 - 26 - (2 + -7)?
0
1 + -6 - ((-3 - 12) + -9 + 5)
14
(2 - (1 - (-2 + -4))) + 6
1
Calculate ((1 - 11) + 25 - 17) + -21.
-2